{"id":104,"date":"2020-10-07T07:59:03","date_gmt":"2020-10-07T07:59:03","guid":{"rendered":"http:\/\/sal-de-mar.com\/?page_id=104"},"modified":"2021-07-03T23:43:33","modified_gmt":"2021-07-03T23:43:33","slug":"sal-de-mar","status":"publish","type":"page","link":"https:\/\/sal-de-mar.com\/?page_id=104","title":{"rendered":"Sal de Mar"},"content":{"rendered":"\t\t<div data-elementor-type=\"wp-page\" data-elementor-id=\"104\" class=\"elementor elementor-104\" data-elementor-settings=\"[]\">\n\t\t\t\t\t\t\t<div class=\"elementor-section-wrap\">\n\t\t\t\t\t\t\t<section class=\"elementor-section elementor-top-section elementor-element elementor-element-eb47150 elementor-section-boxed elementor-section-height-default elementor-section-height-default\" data-id=\"eb47150\" data-element_type=\"section\" data-settings=\"{&quot;background_background&quot;:&quot;classic&quot;}\">\n\t\t\t\t\t\t<div class=\"elementor-container elementor-column-gap-no\">\n\t\t\t\t\t<div class=\"elementor-column elementor-col-100 elementor-top-column elementor-element elementor-element-c4bcf76\" data-id=\"c4bcf76\" data-element_type=\"column\">\n\t\t\t<div class=\"elementor-widget-wrap elementor-element-populated\">\n\t\t\t\t\t\t\t\t<div class=\"elementor-element elementor-element-9e7c88d elementor-widget elementor-widget-heading\" data-id=\"9e7c88d\" data-element_type=\"widget\" data-widget_type=\"heading.default\">\n\t\t\t\t<div class=\"elementor-widget-container\">\n\t\t\t<h1 class=\"elementor-heading-title elementor-size-default\">Sal de Mar - Bienvenid@<\/h1>\t\t<\/div>\n\t\t\t\t<\/div>\n\t\t\t\t\t<\/div>\n\t\t<\/div>\n\t\t\t\t\t\t\t<\/div>\n\t\t<\/section>\n\t\t\t\t<section class=\"elementor-section elementor-top-section elementor-element elementor-element-8832256 elementor-section-boxed elementor-section-height-default elementor-section-height-default\" data-id=\"8832256\" data-element_type=\"section\" data-settings=\"{&quot;background_background&quot;:&quot;classic&quot;}\">\n\t\t\t\t\t\t<div class=\"elementor-container elementor-column-gap-no\">\n\t\t\t\t\t<div class=\"elementor-column elementor-col-100 elementor-top-column elementor-element elementor-element-9d01362\" data-id=\"9d01362\" data-element_type=\"column\">\n\t\t\t<div class=\"elementor-widget-wrap elementor-element-populated\">\n\t\t\t\t\t\t\t\t<div class=\"elementor-element elementor-element-30bfbc4 elementor-widget elementor-widget-heading\" data-id=\"30bfbc4\" data-element_type=\"widget\" data-widget_type=\"heading.default\">\n\t\t\t\t<div class=\"elementor-widget-container\">\n\t\t\t<div class=\"elementor-heading-title elementor-size-default\">H\u00c1BITOS | BIENESTAR | RUTINAS | ESPIRITUALIDAD <\/div>\t\t<\/div>\n\t\t\t\t<\/div>\n\t\t\t\t<div class=\"elementor-element elementor-element-48480bc elementor-widget elementor-widget-heading\" data-id=\"48480bc\" data-element_type=\"widget\" data-widget_type=\"heading.default\">\n\t\t\t\t<div class=\"elementor-widget-container\">\n\t\t\t<h1 class=\"elementor-heading-title elementor-size-default\">TE CUENTO DE SAL DE MAR... <\/h1>\t\t<\/div>\n\t\t\t\t<\/div>\n\t\t\t\t<div class=\"elementor-element elementor-element-736bc21 elementor-widget elementor-widget-text-editor\" data-id=\"736bc21\" data-element_type=\"widget\" data-widget_type=\"text-editor.default\">\n\t\t\t\t<div class=\"elementor-widget-container\">\n\t\t\t\t\t\t\t\t<p>Gracias por darte una vueltecita por aqu\u00ed, este es mi regalito para ti.\u00a0<\/p>\t\t\t\t\t\t<\/div>\n\t\t\t\t<\/div>\n\t\t\t\t<section class=\"elementor-section elementor-inner-section elementor-element elementor-element-eeb73ba elementor-section-boxed elementor-section-height-default elementor-section-height-default\" data-id=\"eeb73ba\" data-element_type=\"section\">\n\t\t\t\t\t\t<div class=\"elementor-container elementor-column-gap-no\">\n\t\t\t\t\t<div class=\"elementor-column elementor-col-100 elementor-inner-column elementor-element elementor-element-c11f5ac\" data-id=\"c11f5ac\" data-element_type=\"column\">\n\t\t\t<div class=\"elementor-widget-wrap elementor-element-populated\">\n\t\t\t\t\t\t\t\t<div class=\"elementor-element elementor-element-d83aebe elementor-position-right elementor-vertical-align-middle elementor-widget elementor-widget-image-box\" data-id=\"d83aebe\" data-element_type=\"widget\" data-widget_type=\"image-box.default\">\n\t\t\t\t<div class=\"elementor-widget-container\">\n\t\t\t<div class=\"elementor-image-box-wrapper\"><figure class=\"elementor-image-box-img\"><img loading=\"lazy\" decoding=\"async\" width=\"2560\" height=\"2560\" src=\"https:\/\/sal-de-mar.com\/wp-content\/uploads\/2021\/07\/Junio-09-scaled.jpg\" class=\"attachment-full size-full\" alt=\"\" srcset=\"https:\/\/sal-de-mar.com\/wp-content\/uploads\/2021\/07\/Junio-09-scaled.jpg 2560w, https:\/\/sal-de-mar.com\/wp-content\/uploads\/2021\/07\/Junio-09-300x300.jpg 300w, https:\/\/sal-de-mar.com\/wp-content\/uploads\/2021\/07\/Junio-09-1024x1024.jpg 1024w, https:\/\/sal-de-mar.com\/wp-content\/uploads\/2021\/07\/Junio-09-150x150.jpg 150w, https:\/\/sal-de-mar.com\/wp-content\/uploads\/2021\/07\/Junio-09-768x768.jpg 768w, https:\/\/sal-de-mar.com\/wp-content\/uploads\/2021\/07\/Junio-09-1536x1536.jpg 1536w, https:\/\/sal-de-mar.com\/wp-content\/uploads\/2021\/07\/Junio-09-2048x2048.jpg 2048w\" sizes=\"(max-width: 2560px) 100vw, 2560px\" \/><\/figure><div class=\"elementor-image-box-content\"><h3 class=\"elementor-image-box-title\">Angie Su\u00e1rez<\/h3><p class=\"elementor-image-box-description\">Soy Angie, mexicana y merca-comunic\u00f3loga, amante del arte en sus diferentes formas y lenguajes, de la naturaleza, de compartir aquello que me apasiona y de disfrutar de este regalito tan bello que es la vida. <br><br>Me emociona mucho saber que aqu\u00ed podr\u00e9 platicarte un poco de m\u00ed y de lo que ha cambiado tanto mi vida y de lo mucho que esta nueva aventura significa para m\u00ed.<\/p><\/div><\/div>\t\t<\/div>\n\t\t\t\t<\/div>\n\t\t\t\t\t<\/div>\n\t\t<\/div>\n\t\t\t\t\t\t\t<\/div>\n\t\t<\/section>\n\t\t\t\t<section class=\"elementor-section elementor-inner-section elementor-element elementor-element-f6528d2 elementor-section-boxed elementor-section-height-default elementor-section-height-default\" data-id=\"f6528d2\" data-element_type=\"section\">\n\t\t\t\t\t\t<div class=\"elementor-container elementor-column-gap-no\">\n\t\t\t\t\t<div class=\"elementor-column elementor-col-100 elementor-inner-column elementor-element elementor-element-1d6c9db\" data-id=\"1d6c9db\" data-element_type=\"column\">\n\t\t\t<div class=\"elementor-widget-wrap elementor-element-populated\">\n\t\t\t\t\t\t\t\t<div class=\"elementor-element elementor-element-8defa51 elementor-position-left elementor-vertical-align-middle elementor-widget elementor-widget-image-box\" data-id=\"8defa51\" data-element_type=\"widget\" data-widget_type=\"image-box.default\">\n\t\t\t\t<div class=\"elementor-widget-container\">\n\t\t\t<div class=\"elementor-image-box-wrapper\"><figure class=\"elementor-image-box-img\"><img loading=\"lazy\" decoding=\"async\" width=\"2560\" height=\"1922\" src=\"https:\/\/sal-de-mar.com\/wp-content\/uploads\/2021\/07\/Portada-YouTube-Fondo-scaled.jpg\" class=\"attachment-full size-full\" alt=\"\" srcset=\"https:\/\/sal-de-mar.com\/wp-content\/uploads\/2021\/07\/Portada-YouTube-Fondo-scaled.jpg 2560w, https:\/\/sal-de-mar.com\/wp-content\/uploads\/2021\/07\/Portada-YouTube-Fondo-300x225.jpg 300w, https:\/\/sal-de-mar.com\/wp-content\/uploads\/2021\/07\/Portada-YouTube-Fondo-1024x769.jpg 1024w, https:\/\/sal-de-mar.com\/wp-content\/uploads\/2021\/07\/Portada-YouTube-Fondo-768x577.jpg 768w, https:\/\/sal-de-mar.com\/wp-content\/uploads\/2021\/07\/Portada-YouTube-Fondo-1536x1153.jpg 1536w, https:\/\/sal-de-mar.com\/wp-content\/uploads\/2021\/07\/Portada-YouTube-Fondo-2048x1538.jpg 2048w\" sizes=\"(max-width: 2560px) 100vw, 2560px\" \/><\/figure><div class=\"elementor-image-box-content\"><h3 class=\"elementor-image-box-title\">\u00bfQu\u00e9 es Sal de Mar? <\/h3><p class=\"elementor-image-box-description\">Me encantar\u00eda que Sal de Mar se convirtiera en un espacio\u00a0que te\u00a0inspire\u00a0a que sigas creciendo y disfrutando el camino;\u00a0un espacio en donde puedas llenarte de ideas para aplicar en tu d\u00eda a d\u00eda...\n\u00a0\nBienestar, espiritualidad, h\u00e1bitos, estilos de vida, productividad, libros...\u00a0\u00a1muchas cosas de las que platicar!\u00a0<\/p><\/div><\/div>\t\t<\/div>\n\t\t\t\t<\/div>\n\t\t\t\t<div class=\"elementor-element elementor-element-31ab904 elementor-position-right elementor-vertical-align-top elementor-widget elementor-widget-image-box\" data-id=\"31ab904\" data-element_type=\"widget\" data-widget_type=\"image-box.default\">\n\t\t\t\t<div class=\"elementor-widget-container\">\n\t\t\t<div class=\"elementor-image-box-wrapper\"><figure class=\"elementor-image-box-img\"><img loading=\"lazy\" decoding=\"async\" width=\"2560\" height=\"2560\" src=\"https:\/\/sal-de-mar.com\/wp-content\/uploads\/2021\/07\/Junio-05-scaled.jpg\" class=\"attachment-full size-full\" alt=\"\" srcset=\"https:\/\/sal-de-mar.com\/wp-content\/uploads\/2021\/07\/Junio-05-scaled.jpg 2560w, https:\/\/sal-de-mar.com\/wp-content\/uploads\/2021\/07\/Junio-05-300x300.jpg 300w\" sizes=\"(max-width: 2560px) 100vw, 2560px\" \/><\/figure><div class=\"elementor-image-box-content\"><h3 class=\"elementor-image-box-title\">Por qu\u00e9 Sal de Mar<\/h3><p class=\"elementor-image-box-description\">\"Sal de Mar\" nace de la idea de que cada uno de nosotros somos como gotas saladas de mar; tenemos la existencia misma que nos cre\u00f3 dentro de nosotros, y al encontrarnos, esas gotas salidas de mar se disuelven en el oc\u00e9ano. <br><br>La sal sana, cicatriza, da sabor, conserva, se disuelve; el mar significa inmensidad, lo desconocido, el todo. <br><br>Este proyecto es mi granito de arena (o de sal) para aquellos a quienes le sea de utilidad, con mucho amor.<\/p><\/div><\/div>\t\t<\/div>\n\t\t\t\t<\/div>\n\t\t\t\t\t<\/div>\n\t\t<\/div>\n\t\t\t\t\t\t\t<\/div>\n\t\t<\/section>\n\t\t\t\t\t<\/div>\n\t\t<\/div>\n\t\t\t\t\t\t\t<\/div>\n\t\t<\/section>\n\t\t\t\t<section class=\"elementor-section elementor-top-section elementor-element elementor-element-4d89c6f elementor-section-boxed elementor-section-height-default elementor-section-height-default\" data-id=\"4d89c6f\" data-element_type=\"section\" data-settings=\"{&quot;background_background&quot;:&quot;classic&quot;,&quot;motion_fx_motion_fx_scrolling&quot;:&quot;yes&quot;,&quot;motion_fx_devices&quot;:[&quot;desktop&quot;,&quot;tablet&quot;,&quot;mobile&quot;]}\">\n\t\t\t\t\t\t<div class=\"elementor-container elementor-column-gap-default\">\n\t\t\t\t\t<div class=\"elementor-column elementor-col-100 elementor-top-column elementor-element elementor-element-baacd72\" data-id=\"baacd72\" data-element_type=\"column\">\n\t\t\t<div class=\"elementor-widget-wrap elementor-element-populated\">\n\t\t\t\t\t\t\t\t<div class=\"elementor-element elementor-element-521aaba elementor-testimonial--skin-default elementor-testimonial--layout-image_inline elementor-testimonial--align-center elementor-arrows-yes elementor-pagination-type-bullets elementor-widget elementor-widget-testimonial-carousel\" data-id=\"521aaba\" data-element_type=\"widget\" data-settings=\"{&quot;space_between&quot;:{&quot;unit&quot;:&quot;px&quot;,&quot;size&quot;:5,&quot;sizes&quot;:[]},&quot;show_arrows&quot;:&quot;yes&quot;,&quot;pagination&quot;:&quot;bullets&quot;,&quot;speed&quot;:500,&quot;autoplay&quot;:&quot;yes&quot;,&quot;autoplay_speed&quot;:5000,&quot;loop&quot;:&quot;yes&quot;,&quot;pause_on_hover&quot;:&quot;yes&quot;,&quot;pause_on_interaction&quot;:&quot;yes&quot;,&quot;space_between_tablet&quot;:{&quot;unit&quot;:&quot;px&quot;,&quot;size&quot;:10,&quot;sizes&quot;:[]},&quot;space_between_mobile&quot;:{&quot;unit&quot;:&quot;px&quot;,&quot;size&quot;:10,&quot;sizes&quot;:[]}}\" data-widget_type=\"testimonial-carousel.default\">\n\t\t\t\t<div class=\"elementor-widget-container\">\n\t\t\t\t\t<div class=\"elementor-swiper\">\n\t\t\t<div class=\"elementor-main-swiper swiper-container\">\n\t\t\t\t<div class=\"swiper-wrapper\">\n\t\t\t\t\t\t\t\t\t\t\t<div class=\"swiper-slide\">\n\t\t\t\t\t\t\t\t\t<div class=\"elementor-testimonial\">\n\t\t\t\t\t\t\t<div class=\"elementor-testimonial__content\">\n\t\t\t\t\t<div class=\"elementor-testimonial__text\">\n\t\t\t\t\t\t\u201cDebe haber algo extra\u00f1amente sagrado en la sal: est\u00e1 en nuestras l\u00e1grimas y en el mar.\u201d\t\t\t\t\t<\/div>\n\t\t\t\t\t\t\t\t\t<\/div>\n\t\t\t\t\t\t<div class=\"elementor-testimonial__footer\">\n\t\t\t\t\t\t\t\t<cite class=\"elementor-testimonial__cite\"><span class=\"elementor-testimonial__name\">Gibran Jalil<\/span><\/cite>\t\t\t<\/div>\n\t\t<\/div>\n\t\t\t\t\t\t\t\t<\/div>\n\t\t\t\t\t\t\t\t\t\t\t<div class=\"swiper-slide\">\n\t\t\t\t\t\t\t\t\t<div class=\"elementor-testimonial\">\n\t\t\t\t\t\t\t<div class=\"elementor-testimonial__content\">\n\t\t\t\t\t<div class=\"elementor-testimonial__text\">\n\t\t\t\t\t\t\u201cNo eres una gota en el oc\u00e9ano, eres todo el oc\u00e9ano contenido en una gota.\u201d \t\t\t\t\t<\/div>\n\t\t\t\t\t\t\t\t\t<\/div>\n\t\t\t\t\t\t<div class=\"elementor-testimonial__footer\">\n\t\t\t\t\t\t\t\t<cite class=\"elementor-testimonial__cite\"><span class=\"elementor-testimonial__name\">Rumi<\/span><\/cite>\t\t\t<\/div>\n\t\t<\/div>\n\t\t\t\t\t\t\t\t<\/div>\n\t\t\t\t\t\t\t\t\t\t\t<div class=\"swiper-slide\">\n\t\t\t\t\t\t\t\t\t<div class=\"elementor-testimonial\">\n\t\t\t\t\t\t\t<div class=\"elementor-testimonial__content\">\n\t\t\t\t\t<div class=\"elementor-testimonial__text\">\n\t\t\t\t\t\t\u201cTu naturaleza \u00faltima, tu naturaleza esencial es encontrarte con la naturaleza universal, como una gota que se funde con el oc\u00e9ano\u201d \t\t\t\t\t<\/div>\n\t\t\t\t\t\t\t\t\t<\/div>\n\t\t\t\t\t\t<div class=\"elementor-testimonial__footer\">\n\t\t\t\t\t\t\t\t<cite class=\"elementor-testimonial__cite\"><span class=\"elementor-testimonial__name\">Osho<\/span><\/cite>\t\t\t<\/div>\n\t\t<\/div>\n\t\t\t\t\t\t\t\t<\/div>\n\t\t\t\t\t\t\t\t\t\t\t<div class=\"swiper-slide\">\n\t\t\t\t\t\t\t\t\t<div class=\"elementor-testimonial\">\n\t\t\t\t\t\t\t<div class=\"elementor-testimonial__content\">\n\t\t\t\t\t<div class=\"elementor-testimonial__text\">\n\t\t\t\t\t\t\u201cUn fen\u00f3meno tal como el oc\u00e9ano fundi\u00e9ndose en la gota no ocurre en el mundo f\u00edsico,  sucede en el mundo espiritual. No significa que vayas y te fusiones con lo divino, es lo divino que desciende y se funde contigo\u201d \t\t\t\t\t<\/div>\n\t\t\t\t\t\t\t\t\t<\/div>\n\t\t\t\t\t\t<div class=\"elementor-testimonial__footer\">\n\t\t\t\t\t\t\t\t<cite class=\"elementor-testimonial__cite\"><span class=\"elementor-testimonial__name\">Osho<\/span><\/cite>\t\t\t<\/div>\n\t\t<\/div>\n\t\t\t\t\t\t\t\t<\/div>\n\t\t\t\t\t\t\t\t\t<\/div>\n\t\t\t\t\t\t\t\t\t\t\t\t\t\t\t<div class=\"swiper-pagination\"><\/div>\n\t\t\t\t\t\t\t\t\t\t\t\t\t\t\t\t<div class=\"elementor-swiper-button elementor-swiper-button-prev\">\n\t\t\t\t\t\t\t<i class=\"eicon-chevron-left\" aria-hidden=\"true\"><\/i>\n\t\t\t\t\t\t\t<span class=\"elementor-screen-only\">Previous<\/span>\n\t\t\t\t\t\t<\/div>\n\t\t\t\t\t\t<div class=\"elementor-swiper-button elementor-swiper-button-next\">\n\t\t\t\t\t\t\t<i class=\"eicon-chevron-right\" aria-hidden=\"true\"><\/i>\n\t\t\t\t\t\t\t<span class=\"elementor-screen-only\">Next<\/span>\n\t\t\t\t\t\t<\/div>\n\t\t\t\t\t\t\t\t\t\t\t\t<\/div>\n\t\t<\/div>\n\t\t\t\t<\/div>\n\t\t\t\t<\/div>\n\t\t\t\t\t<\/div>\n\t\t<\/div>\n\t\t\t\t\t\t\t<\/div>\n\t\t<\/section>\n\t\t\t\t\t\t<\/div>\n\t\t\t\t\t<\/div>\n\t\t","protected":false},"excerpt":{"rendered":"<p>Sal de Mar &#8211; Bienvenid@ H\u00c1BITOS | BIENESTAR | RUTINAS | ESPIRITUALIDAD TE CUENTO DE SAL DE MAR&#8230; Gracias por darte una vueltecita por aqu\u00ed, este es mi regalito para ti.\u00a0 Angie Su\u00e1rez Soy Angie, mexicana y merca-comunic\u00f3loga, amante del arte en sus diferentes formas y lenguajes, de la naturaleza, de compartir aquello que me &hellip;<\/p>\n<p class=\"read-more\"> <a class=\"\" href=\"https:\/\/sal-de-mar.com\/?page_id=104\"> <span class=\"screen-reader-text\">Sal de Mar<\/span> Read More &raquo;<\/a><\/p>\n","protected":false},"author":1,"featured_media":0,"parent":0,"menu_order":0,"comment_status":"closed","ping_status":"closed","template":"","meta":{"om_disable_all_campaigns":false,"_monsterinsights_skip_tracking":false,"_monsterinsights_sitenote_active":false,"_monsterinsights_sitenote_note":"","_monsterinsights_sitenote_category":0,"footnotes":""},"class_list":["post-104","page","type-page","status-publish","hentry"],"yoast_head":"<!-- This site is optimized with the Yoast SEO plugin v16.6.1 - https:\/\/yoast.com\/wordpress\/plugins\/seo\/ -->\n<title>Sal de Mar - Sal de Mar<\/title>\n<meta name=\"robots\" content=\"index, follow, max-snippet:-1, max-image-preview:large, max-video-preview:-1\" \/>\n<link rel=\"canonical\" href=\"https:\/\/sal-de-mar.com\/?page_id=104\" \/>\n<meta property=\"og:locale\" content=\"en_US\" \/>\n<meta property=\"og:type\" content=\"article\" \/>\n<meta property=\"og:title\" content=\"Sal de Mar - Sal de Mar\" \/>\n<meta property=\"og:description\" content=\"Sal de Mar &#8211; Bienvenid@ H\u00c1BITOS | BIENESTAR | RUTINAS | ESPIRITUALIDAD TE CUENTO DE SAL DE MAR&#8230; Gracias por darte una vueltecita por aqu\u00ed, este es mi regalito para ti.\u00a0 Angie Su\u00e1rez Soy Angie, mexicana y merca-comunic\u00f3loga, amante del arte en sus diferentes formas y lenguajes, de la naturaleza, de compartir aquello que me &hellip; Sal de Mar Read More &raquo;\" \/>\n<meta property=\"og:url\" content=\"https:\/\/sal-de-mar.com\/?page_id=104\" \/>\n<meta property=\"og:site_name\" content=\"Sal de Mar\" \/>\n<meta property=\"article:modified_time\" content=\"2021-07-03T23:43:33+00:00\" \/>\n<meta property=\"og:image\" content=\"http:\/\/sal-de-mar.com\/wp-content\/uploads\/2021\/07\/Junio-09-scaled.jpg\" \/>\n<meta name=\"twitter:card\" content=\"summary_large_image\" \/>\n<meta name=\"twitter:label1\" content=\"Est. reading time\" \/>\n\t<meta name=\"twitter:data1\" content=\"2 minutes\" \/>\n<script type=\"application\/ld+json\" class=\"yoast-schema-graph\">{\"@context\":\"https:\/\/schema.org\",\"@graph\":[{\"@type\":\"WebSite\",\"@id\":\"https:\/\/sal-de-mar.com\/#website\",\"url\":\"https:\/\/sal-de-mar.com\/\",\"name\":\"Sal de Mar\",\"description\":\"Otro sitio realizado con WordPress\",\"potentialAction\":[{\"@type\":\"SearchAction\",\"target\":{\"@type\":\"EntryPoint\",\"urlTemplate\":\"https:\/\/sal-de-mar.com\/?s={search_term_string}\"},\"query-input\":\"required name=search_term_string\"}],\"inLanguage\":\"en-US\"},{\"@type\":\"ImageObject\",\"@id\":\"https:\/\/sal-de-mar.com\/?page_id=104#primaryimage\",\"inLanguage\":\"en-US\",\"url\":\"http:\/\/sal-de-mar.com\/wp-content\/uploads\/2021\/07\/Junio-09-scaled.jpg\",\"contentUrl\":\"http:\/\/sal-de-mar.com\/wp-content\/uploads\/2021\/07\/Junio-09-scaled.jpg\"},{\"@type\":\"WebPage\",\"@id\":\"https:\/\/sal-de-mar.com\/?page_id=104#webpage\",\"url\":\"https:\/\/sal-de-mar.com\/?page_id=104\",\"name\":\"Sal de Mar - Sal de Mar\",\"isPartOf\":{\"@id\":\"https:\/\/sal-de-mar.com\/#website\"},\"primaryImageOfPage\":{\"@id\":\"https:\/\/sal-de-mar.com\/?page_id=104#primaryimage\"},\"datePublished\":\"2020-10-07T07:59:03+00:00\",\"dateModified\":\"2021-07-03T23:43:33+00:00\",\"breadcrumb\":{\"@id\":\"https:\/\/sal-de-mar.com\/?page_id=104#breadcrumb\"},\"inLanguage\":\"en-US\",\"potentialAction\":[{\"@type\":\"ReadAction\",\"target\":[\"https:\/\/sal-de-mar.com\/?page_id=104\"]}]},{\"@type\":\"BreadcrumbList\",\"@id\":\"https:\/\/sal-de-mar.com\/?page_id=104#breadcrumb\",\"itemListElement\":[{\"@type\":\"ListItem\",\"position\":1,\"name\":\"Portada\",\"item\":\"https:\/\/sal-de-mar.com\/\"},{\"@type\":\"ListItem\",\"position\":2,\"name\":\"Sal de Mar\"}]}]}<\/script>\n<!-- \/ Yoast SEO plugin. -->","_links":{"self":[{"href":"https:\/\/sal-de-mar.com\/index.php?rest_route=\/wp\/v2\/pages\/104"}],"collection":[{"href":"https:\/\/sal-de-mar.com\/index.php?rest_route=\/wp\/v2\/pages"}],"about":[{"href":"https:\/\/sal-de-mar.com\/index.php?rest_route=\/wp\/v2\/types\/page"}],"author":[{"embeddable":true,"href":"https:\/\/sal-de-mar.com\/index.php?rest_route=\/wp\/v2\/users\/1"}],"replies":[{"embeddable":true,"href":"https:\/\/sal-de-mar.com\/index.php?rest_route=%2Fwp%2Fv2%2Fcomments&post=104"}],"version-history":[{"count":38,"href":"https:\/\/sal-de-mar.com\/index.php?rest_route=\/wp\/v2\/pages\/104\/revisions"}],"predecessor-version":[{"id":24794,"href":"https:\/\/sal-de-mar.com\/index.php?rest_route=\/wp\/v2\/pages\/104\/revisions\/24794"}],"wp:attachment":[{"href":"https:\/\/sal-de-mar.com\/index.php?rest_route=%2Fwp%2Fv2%2Fmedia&parent=104"}],"curies":[{"name":"wp","href":"https:\/\/api.w.org\/{rel}","templated":true}]}}